test common factor of 180 and 885.
15
What is the highest common divisor of 17 and 68?
17
What is the highest common factor of 36 and 162?
18
Calculate the highest common factor of 242 and 88.
22
What is the greatest common factor of 182 and 5?
1
Calculate the highest common divisor of 204 and 12.
12
Calculate the greatest common factor of 108 and 30852.
36
Calculate the highest common factor of 76 and 171.
19
Calculate the highest common divisor of 252 and 32676.
84
Calculate the greatest common divisor of 15 and 1110.
15
What is the greatest common divisor of 34 and 38131?
17
What is the highest common divisor of 12402 and 39?
39
Calculate the greatest common divisor of 329 and 517.
47
Calculate the highest common divisor of 67 and 12.
1
Calculate the highest common factor of 493 and 29.
29
Calculate the highest common factor of 304 and 32.
16
What is the greatest common divisor of 21144 and 48?
24
Calculate the highest common factor of 2175 and 150.
75
Calculate the highest common factor of 352 and 44.
44
Calculate the highest common factor of 69 and 5589.
69
What is the greatest common divisor of 8 and 336?
8
What is the greatest common factor of 51 and 9129?
51
What is the highest common factor of 1273 and 171?
19
What is the highest common factor of 777 and 7252?
259
Calculate the greatest common divisor of 24 and 372.
12
Calculate the highest common divisor of 22 and 9086.
22
What is the greatest common divisor of 252 and 966?
42
What is the highest common factor of 12 and 7908?
12
What is the greatest common divisor of 1222 and 94?
94
What is the greatest common factor of 288 and 64?
32
Calculate the highest common divisor of 70 and 90.
10
What is the highest common divisor of 6 and 6360?
6
What is the greatest common factor of 9836 and 4?
4
Calculate the highest common factor of 6123 and 117.
39
Calculate the greatest common divisor of 161 and 7.
7
Calculate the greatest common divisor of 3345 and 105.
15
Calculate the greatest common factor of 348 and 6438.
174
What is the greatest common factor of 396 and 27?
9
What is the highest common factor of 15330 and 5?
5
What is the greatest common divisor of 1528 and 120?
8
Calculate the highest common factor of 1600 and 25.
25
Calculate the greatest common factor of 1776 and 64.
16
Calculate the highest common divisor of 1816 and 227.
227
Calculate the greatest common factor of 162 and 18.
18
Calculate the greatest common factor of 128 and 1696.
32
What is the highest common factor of 12 and 4236?
12
What is the highest common divisor of 20 and 590?
10
Calculate the greatest common factor of 12 and 13308.
12
Calculate the greatest common factor of 2064 and 129.
129
Calculate the greatest common divisor of 2204 and 304.
76
Calculate the greatest common divisor of 207 and 345.
69
What is the highest common divisor of 76 and 12?
4
Calculate the greatest common divisor of 8 and 568.
8
What is the greatest common factor of 23 and 21643?
23
Calculate the highest common divisor of 5 and 4985.
5
Calculate the highest common factor of 132 and 456.
12
Calculate the highest common factor of 10 and 125.
5
Calculate the highest common factor of 60 and 930.
30
What is the highest common divisor of 123 and 2747?
41
Calculate the highest common factor of 27946 and 534.
178
Calculate the greatest common factor of 1368 and 8.
8
What is the highest common divisor of 104 and 312?
104
What is the greatest common factor of 171 and 24?
3
Calculate the highest common factor of 2542 and 124.
62
What is the highest common divisor of 72 and 144?
72
Calculate the highest common divisor of 36 and 2286.
18
Calculate the greatest common divisor of 1835 and 5.
5
What is the greatest common factor of 290 and 116?
58
What is the greatest common factor of 230 and 1265?
115
What is the highest common divisor of 3441 and 444?
111
What is the highest common factor of 858 and 165?
33
What is the greatest common divisor of 6 and 174?
6
Calculate the greatest common factor of 12 and 516.
12
Calculate the greatest common factor of 1060 and 180.
20
Calculate the highest common divisor of 2 and 820.
2
What is the highest common factor of 12 and 10860?
12
Calculate the greatest common divisor of 1596 and 1008.
84
What is the greatest common factor of 12 and 2766?
6
Calculate the highest common divisor of 152 and 8.
8
Calculate the greatest common divisor of 45 and 2085.
15
What is the greatest common divisor of 35 and 98?
7
Calculate the greatest common divisor of 228 and 564.
12
Calculate the greatest common factor of 442 and 748.
34
What is the greatest common divisor of 1128 and 96?
24
Calculate the highest common divisor of 770 and 210.
70
Calculate the greatest common factor of 21158 and 426.
142
Calculate the greatest common factor of 8 and 244.
4
Calculate the highest common factor of 126 and 5544.
126
What is the highest common factor of 429 and 2613?
39
What is the highest common divisor of 30 and 858?
6
Calculate the highest common divisor of 5 and 3.
1
What is the greatest common divisor of 22 and 946?
22
What is the greatest common factor of 21 and 1281?
21
What is the greatest common factor of 666 and 555?
111
What is the greatest common divisor of 100 and 30?
10
What is the highest common divisor of 16 and 4272?
16
Calculate the highest common factor of 5810 and 70.
70
Calculate the greatest common divisor of 5004 and 36.
36
What is the greatest common factor of 18 and 218?
2
What is the highest common factor of 42 and 66?
6
Calculate the highest common factor of 171 and 1843.
19
Calculate the greatest common factor of 280 and 6055.
35
Calculate the highest common divisor of 69 and 23989.
23
Calculate the highest common divisor of 11316 and 184.
92
Calculate the greatest common factor of 104 and 104.
104
Calculate the greatest common divisor of 112 and 3290.
14
What is the greatest common divisor of 54 and 378?
54
What is the greatest common divisor of 12924 and 108?
36
Calculate the highest common divisor of 5 and 1715.
5
What is the highest common factor of 42 and 777?
21
Calculate the greatest common factor of 2058 and 42.
42
What is the highest common divisor of 110 and 8206?
22
Calculate the greatest common factor of 7 and 287.
7
What is the highest common factor of 357 and 420?
21
Calculate the greatest common factor of 8226 and 36.
18
Calculate the highest common factor of 270 and 90.
90
Calculate the greatest common divisor of 42 and 12.
6
Calculate the greatest common divisor of 1030 and 70.
10
What is the greatest common divisor of 133 and 1463?
133
What is the highest common divisor of 75 and 2040?
15
Calculate the highest common divisor of 774 and 86.
86
What is the highest common divisor of 159 and 3?
3
What is the greatest common factor of 10697 and 19?
19
Calculate the highest common divisor of 45 and 585.
45
Calculate the highest common divisor of 17 and 18581.
17
What is the greatest common factor of 372 and 72?
12
Calculate the greatest common divisor of 88 and 2816.
88
Calculate the highest common factor of 204 and 12.
12
Calculate the greatest common divisor of 19805 and 85.
85
Calculate the greatest common divisor of 20 and 220.
20
Calculate the highest common factor of 87 and 29.
29
What is the greatest common divisor of 60 and 195?
15
What is the greatest common factor of 456 and 6954?
114
Calculate the greatest common divisor of 30 and 19155.
15
Calculate the greatest common divisor of 9 and 243.
9
Calculate the greatest common factor of 275 and 15.
5
What is the highest common divisor of 60 and 984?
12
Calculate the greatest common factor of 11 and 275.
11
Calculate the highest common divisor of 462 and 9548.
154
Calculate the highest common divisor of 48 and 177.
3
Calculate the highest common divisor of 304 and 16.
16
Calculate the greatest common divisor of 759 and 330.
33
Calculate the greatest common factor of 110 and 10.
10
What is the greatest common factor of 536 and 88?
8
What is the greatest common factor of 14 and 1246?
14
What is the highest common divisor of 14 and 3?
1
What is the greatest common factor of 103 and 1339?
103
What is the highest common factor of 310 and 40?
10
What is the greatest common divisor of 99 and 207?
9
What is the greatest common factor of 225 and 300?